is -100 + 36 + 48 + 111?
95
Calculate 26 - (62 - (6 + 54)).
24
Evaluate 61 + (3 - ((30 - 30) + (-7 - (-8 - -5)))).
68
Evaluate -4 + 32 + -32 + -33 + 25.
-12
(-16 - 5) + (29 - 0) + -7
1
Calculate 0 + -2 + -11 - ((327 - 63) + -361).
84
What is the value of -48 + (-1535 - -1558) + (2 - 3) + -10?
-36
What is 8 - 24 - 22 - -53?
15
Calculate -32 + 33 + (-8 - -3 - -12) - 4 - 59.
-55
2 - 0 - (-49 - -2 - 11 - 24)
84
What is (-83 - (10 + -19)) + 1 - (-4 + -11)?
-58
What is the value of (16 - (-15 - -36)) + (7 - 15 - -115)?
102
Evaluate -94 + 24 + -37 - -146.
39
What is the value of -56 + (76 - (4 + 31)) + (0 - 4)?
-19
(-1 - (-1 + (3 - 3) + 13)) + 120 + -10
97
(-7 - -21) + (-23 - -18) + -11 + 2
0
What is -3 + 53 - (598 - 603)?
55
What is the value of 3 + -4 - (-5 - (11 + 3))?
18
What is -6 - (8 + -16 - -12 - 11)?
1
What is the value of -17 - 3 - (20 - 28) - (53 - 3)?
-62
-28 - (-57 - (29 + -25) - 13)
46
-30 + (-11 - -13 - (13 - 13))
-28
Calculate 6 + (49 + -41 - 46).
-32
Evaluate -9758 + 9749 + (-2 - (-2 + -33)).
24
What is -51 - (0 + -2 - (10 + (-5 - -10) + -7))?
-41
What is (-1055 - -1048) + 3 + -7 + -62?
-73
77 - ((-38 - -126) + -39)
28
Evaluate -97 - (-52 - 28) - (-2 - -13).
-28
1 - (9 + -1) - (-199 - (-357 + 119))
-46
Calculate -10 - (-24 + 27 + -4) - (0 + -36).
27
(-20 - (37 + -60)) + 10
13
(13 + 46 - 59) + (-1 - 0)
-1
(13 - (22 - (-20 - -25))) + -15 - 15
-34
What is the value of (-2 - -44) + -91 + 131 + -28?
54
Calculate (39 - (-25 + 12)) + 47 + (-20 - 2).
77
What is -26 + 99 + (-18 - 138)?
-83
Evaluate (-6 - -38 - 35) + (-7 + -4 - 6).
-20
Evaluate 2 + (73 - 26) + -83 + -46.
-80
What is the value of (-12769 - -12802) + 0 + -19 + 1 - 27?
-12
What is 21 + (-18 - 2) + -69 + -4?
-72
What is the value of 204 + -206 + -3 + 1 + 30 + 1 + -4?
23
What is the value of (18 - 12) + 3 + -7 + (-22 - 5)?
-25
-1 + 31 + (-51 - 39)
-60
-191 + 167 + (0 - 0 - (12 + -20))
-16
Evaluate 28 - (1 - -1) - (254 - 269).
41
Calculate -28 + -23 + 92 + -64.
-23
8 - (16 - 20) - -8 - 7
13
What is -45 - (-39 - (-133 + 130))?
-9
-4 + -9 - -15 - (7 - (-4 + 4 + 17))
12
Evaluate (6 - -2) + 12 + -5 - (6 - 5).
14
What is 2 - 1 - -13 - (22315 - 22299)?
-2
What is 21 + -25 + -13 - (-10 - 19)?
12
What is the value of -47 + (3 - 3) - (56 - (-46 + 110))?
-39
11 + (5 - (-11 + -10 + (6 - (-13 - -2))))
20
What is (-2 + 28 - (28 - (-34 + 44))) + 0 + 86?
94
Calculate (11 - 6) + -18 - (-22 + 21 + 23).
-35
Calculate -137 - (-77 + 108 - 69).
-99
What is the value of (-1 - 5) + (-61 + 64 - -4 - (-11 - -1))?
11
-1 + (-7 - (1 + -1) - ((-37 - -2) + 38))
-11
What is -9 - (10 + 27 - (19 + (6 - 39)))?
-60
-5 + (-21 + 17 - 13) - (-15 + -77)
70
What is the value of 4 + 94 - (3138 + -3002)?
-38
What is the value of 2 + -6 - (-1 - 1) - (-3069 - -3115)?
-48
Evaluate 2944 - 2854 - (154 - -2).
-66
What is 8 + (-291 + 362 - ((-6 - -2) + 15))?
68
31 + -13 + (-4 - -14 - 4) + 16
40
Evaluate 6 - (32 + 20 - 41).
-5
What is 47 - 1 - (-811 + 826)?
31
Calculate -5 + 0 + (-29 + 19 - 43) - (-124 + 122).
-56
What is 95 + (-43 - 37 - 125)?
-110
Evaluate (6 - (57 - 0) - -47) + -1 + -51 + -1.
-57
What is the value of (-13 - (-15 + (13 - -14))) + 16 - (1 + -30)?
20
What is the value of 10 - (-46 - -3 - -18)?
35
-8 + -9 + -1 + 17 + (-21 - -6)
-16
What is the value of -70 + 70 + -57 - 8?
-65
What is 94 + 110 + -29 + -78?
97
(-4 - (12 - (-13 - -25))) + 6 + 17
19
What is -27 + 12 - -21 - (-16 - 15)?
37
What is 8 - (22 - 36 - -22 - 31)?
31
Calculate 9 + (2 - -105) + 26 + -17 + (-35 - -16).
106
Calculate (-9 + -10 + 12 - -72) + 10 + -13 + 2.
64
What is the value of (71 + (5 - 46) - 39) + -2 + -13?
-24
Evaluate 83 + -1 + 4 - (6929 + -6917).
74
-60 + -1 + (55 - (4 + 68 + -5))
-73
What is (3 - 32) + (4 + 13 + 10 - 15)?
-17
-10 + (32 - (117 - 14))
-81
What is 17 + (4 - -8 - (-1 - -12) - (4 + -3))?
17
-24 + 125 - (49 + 7)
45
20 + -8 + 9 + (14 - 19) - -7
23
Calculate -108 - -2 - ((-10 - (9 - (-11 - -20))) + 24).
-120
What is the value of (-65 + 2 - -69 - ((0 - 0) + -4)) + -47?
-37
What is the value of 785 - 776 - (-50 - (7 - 1))?
65
What is -11 - ((38 - 38) + (5 - 3) + -50)?
37
Calculate (66 - -1) + -15 + 1 + (62 - (-2 - -59)).
58
-435 + 411 - (4 + -65)
37
(9 - (25 + -6 + -3)) + -3
-10
22 + -21 + 59 + -19
41
What is the value of 1 + -82 + 9558 + -9431?
46
What is the value of -22 + 3 + 4 + -4 + 9 + (-229 - -229)?
-10
What is -1760 + 1646 + 184 + 1?
71
What is -29 + (43 - (39 - 15)) + (2 - -1)?
-7
Evaluate 83 - (8 - (33 - -7 - 29)).
86
-28 - (-55 + 30) - (-1 + 38 + -2)
-38
What is -9 - (41 - 53 - -108)?
-105
-9 + (85 - 151) + 56
-19
What is (23 - -1) + -14 + -27 + -15 + 44?
12
23 + (-1 + -18 + (-42 - -59) - 10)
11
Evaluate (-12 - -2) + (-150 - -47 - -87).
-26
What is 11 - 5 - (-6 + 5 - (12 + -12 + 46))?
53
1252 + -1165 + (0 - 1) - (10 + (-7 - -4))
79
Evaluate (45 - (4 + 12 + -16)) + 2.
47
What is the value of -120 + (-7 - (-85 + (43 - 6)))?
-79
What is 9 + 18 + 2 + (7 - 16)?
20
What is -16 - (0 + 6 + 23 + -30)?
-15
What is -71 + (82 - (53 - -21))?
-63
111 + 1 + 1 + 708 + -730 + (35 - 1)
125
Calculate 54 - ((60 - -20) + 7).
-33
Calculate 18 - (5 + 22 + -15 + 11).
-5
Evaluate (-4 - -10 - (-9 - -9 - -10)) + 1.
-3
What is the value of 35 - 0 - (-6 + 17 + 1 + -16)?
39
What is 54 - ((15 - -24) + -8)?
23
What is the value of 72 - ((0 - 19) + 182 + -149) - 1?
57
What is the value of 10 + 0 + 1 + 11145 + -11162?
-6
What is -5 + (-5 - (-1 + (-4 - (-18 + 11 - 3))))?
-15
What is (2856 - 2764) + -1 + -19?
72
What is the value of 88 + (73 - (60 - -18))?
83
What is the value of 19 + 0 - (-29 - -101 - 36)?
-17
Evaluate (32 - (12 - 3)) + (-6 - 5) + -35.
-23
(5 + -12 - -1 - (2 - 3)) + 8 - -7
10
(-1 - -9) + -1 - 1 - (47 + -359 - -320)
-2
What is 98 + 1 + (-31 - (-35 - -33))?
70
What is (-4 - (-7 + (13 - (11 - -6)))) + 0 + -22?
-15
98 - (-35 + 102) - (-1 + 5 + -10 + 10)
27
Calculate (0 - (2 - (-3 + 67))) + 2 + -7491 + 7502.
75
(16 - (40 + 5 + -8)) + (-5 - -4)
-22
Calculate -1 + -90 - (-957 + 935 - (-30 - -2)).
-97
Calculate (6 - 17) + (-10 - 1 - (88 + -48)) + -4.
-66
Evaluate -5 + (-12 - -4) + 17 + -34.
-30
What is 14 + -15 - -27 - (17 + -61)?
70
Evaluate 18 + -34 + -20 + 5 - 12.
-43
13 + -1 + (-11 - -34) + 8
43
Calculate -9 + 22 - (10 + 23) - 52.
-72
What is the value of 94 - (134 - 33) - 69?
-76
Calculate -76 - -128 - (7 - (-8 - (4 + -9))).
42
What is the value of -13 - (137 + -75 - (0 + 0) - -6)?
-81
What is the value of -65 + 0 + 1591 + -1628 + (0 - -40)?
-62
What is 64 + (-131 - (-71 + 43))?
-39
What is 0 + (34 - (74 + -31))?
-9
What is the value of -1 - -58 - (1008 + -920)?
-31
-4 + (-16 - -37) - (-2 + 1) - (2 - -2)
14
What is the value of (-41 - 35 - -76) + 51 + 9?
60
Evaluate -40 - (24 - (46 + -75)).
-93
What is the value of 134 + -53 - (-35 + 93)?
23
What is (28 - 27) + 4 + 1 + 5 + 38?
49
Evaluate -1 + (2 - 47) + -40 + 53 + (2 - 12).
-43
What is -353 + 331 + (-3 - 2)?
-27
(17 - (-4 + -10)) + 0 + (22 + -12 - 15)
26
Evaluate -15 - (4 + (1 - -3 - -4)).
-27
Calculate -44 + -26 + 188 + -70.
48
Calculate (-2 - (-6 - (-33 - 5))) + 8 + (6 - 20).
-40
Calculate 19 - ((33 - -6 - 60) + 0 + 4).
36
Calculate -2 + -91 + 37 + 106.
50
22 + -6 - (-762 + 724)
54
What is 107 + 61 + 39 - 151?
56
Calculate 7 - (-9 + (3 - -5)) - (9 + -44) - 13.
30
Calculate (-11 + 1 - (-13 - -10) - 146) + 17.
-136
-24 + -2 + -66 + (71 - 30)
-51
What is -12 - ((199 - 207) + -10 + 0)?
6
20 + -10 + (-65 - -71) + (-3 - -1) + -2
12
Calculate (63 - 50) + -56 + 42.
-1
What is -62 - (-52 - (-13 - 17))?
-40
What is 2 - 2 - ((-37 - -50) + -17) - 53?
-49
What is the value of (-71 - (-53 - -10)) + 75?
47
Evaluate 15 - (49 + -36 + 1 + -7) - 1.
7
Calculate (-11 - (-1 - 15)) + 63 - 14.
54
What is the value of (-8 - 35) + (63 - 46) + 14?
-12
Calculate 32 + 4 + -18 - 23 - -22.
17
Calculate (57 - 0 - (-29 + -14 + 36)) + 1 + -13.
52
What is the value of 7 - 2 - (484 - 518)?
39
What is the value of 26 + -70 + -11 + (-16 - -31)?
-40
(162 - 211) + 108 + -51
8
Calculate 51 + (-28 - 52) + -11.
-40
Evaluate -28 + 24 + (4 - ((0 - -5) + -2 - -46)).
-49
What is the value of -30 + 0 + (-275 - -274) - 18?
-49
Evaluate 15 - (-3 - -2) - ((412 - 173) + -233).
10
What is the value of -145 + -5 + (-2355 - -2381)?
-124
What is 3 + -4 + 12 - (-15 + 8 - 2)?
20
12 + -20 + 26 + 74 - 23
69
What is the value of 5 + (-3 - -13) - 